-3715 = -3*p + 3*w + 764. What is the thousands digit of p?
1
Suppose -2*x + 186 = -2*a, -444 = -5*x - 0*x - 2*a. Let f = 23 + x. What is the units digit of f?
3
Let w(r) = r**2 - 7*r. Let o be w(7). Suppose o = 5*u + 10 - 35. Let t(m) = -m**3 + 5*m**2 + 5. What is the units digit of t(u)?
5
Let l(z) = z**3 + 5*z**2 - 15*z + 9. Let a be l(11). Suppose -3*t - 1772 = -4*k - 16, 4*k + 3*t - a = 0. What is the tens digit of k/13 + 2 + 0?
3
What is the tens digit of (-3)/4 - 12012/(-336)?
3
Suppose 0 = -4429*w + 4422*w + 6328. What is the units digit of w?
4
Let n be 19 + (-7 - -4 - -4). Let w = 46 + n. What is the tens digit of w?
6
Suppose -4*m = m - 1005. Suppose m = 4*f - 5*o, -f + 0*f = 4*o - 45. What is the tens digit of f?
4
Let n(f) = -f**3 + 6*f**2 + f. Let h be n(7). Let b = 73 + h. What is the units digit of b?
1
Let y(n) = -3*n + 5. Let g be y(-7). Suppose 8 - 42 = -3*a - 4*u, 3*a - g = -2*u. Suppose 4*v - 53 = 5*d, -1 = -5*d - a. What is the tens digit of v?
1
Suppose 2*g = -g + 2*h + 13, 2*g = 5*h + 5. Suppose -q - q = g*v - 14, -4*q = -4*v. Let i(z) = 2*z**3 + 4*z - 3. What is the tens digit of i(q)?
2
Suppose -4 = 5*t - 14. Let w = 6 - t. Suppose 3*b - 71 = -w*q, -5*b = q - 3*b - 19. What is the tens digit of q?
1
Let o be 0 - (-1 + -1) - 0. Suppose -6*r + 3*r = 14*r. What is the tens digit of r + o/((-6)/(-45))?
1
Let s(n) = n**3 + 22*n**2 + 19*n - 23. Let g be s(-21). What is the tens digit of 108/15*(g - 2 - 2)?
0
Suppose -v - m + 151 = 0, 0*m = -3*v - m + 457. Let r be (-5 - -6) + -1 + v. Suppose -2*s + 70 = a, 5*s - a - 29 - r = 0. What is the tens digit of s?
3
Let v(u) = 7*u**2 - 2*u + 10. Let s(n) = -8*n**2 + n - 10. Let x(m) = 6*s(m) + 7*v(m). Let b be x(10). What is the tens digit of b/(-4)*(0 + -2)?
1
Suppose 5*d - 75 = -4*n, -3*n = n - 3*d - 83. Suppose -n = 5*x, -3*v - 10 = 2*x - 41. What is the units digit of v?
3
What is the thousands digit of ((-24)/20)/((-3)/(-15)) - -1902?
1
Let n(g) = -4 + 2 + 4*g + 0 + 3*g**2. What is the units digit of n(-3)?
3
What is the tens digit of (-2 + (-729)/(-18))*106?
8
Let x(s) = s**2 + 12*s + 15. Let t(q) = -7*q + 3. Let o be t(2). Let a be x(o). Suppose -a*c = 4*v - 60, -8*v + 3*v = 2*c - 60. What is the tens digit of v?
1
Suppose 0 = -6*p + 4*p + 38. Let a = p + -14. Suppose -7*l + 2*l + 92 = 3*h, -a*h = -4*l - 178. What is the tens digit of h?
3
What is the units digit of -5 - (6 + 8/(-16)*3462)?
0
Let x = 41 + 526. What is the units digit of x?
7
Suppose 28*w - 48*w + 39120 = 0. What is the thousands digit of w?
1
Let q(u) = 5*u - 4. Let d be q(4). Let p = d + 1. What is the units digit of p?
7
Let i(a) = -a**2 + 4. Let o be i(-3). What is the units digit of (-2)/5*o*4?
8
Suppose 6*i - 4 = 7*i. Let v be ((-10)/i)/((-18)/(-36)). What is the tens digit of (1/3)/(v/615)?
4
Suppose 13 = 14*u - 15. Suppose 0 = j - 2*j - u*g + 63, 181 = 3*j + 2*g. What is the tens digit of j?
5
Let p be -5*(3 + (-68)/20) - -3. Suppose r + 3*r - 5*k - 110 = 0, r - 40 = -p*k. What is the units digit of r?
0
Let u be (-1 - 95) + 2 + 2 - 1. Let z = 155 - u. What is the units digit of z?
8
Suppose -5 = -t + 3. Let m = t + -5. Suppose -3*u + 2*l = -70, -l - 62 = -m*u - 3*l. What is the units digit of u?
2
Suppose 2*p - 2*a = 50 + 128, a = -2*p + 172. Suppose 5*f = p + 323. What is the tens digit of f?
8
Suppose -10*k = -5*k - 20. Suppose -2*g = -w - 2*w - 25, -g - k*w + 7 = 0. Suppose 6*j - g*j + 100 = 0. What is the tens digit of j?
2
Let p be (0 - (0 + -2)) + 1*2. Suppose 196 = 2*r + p*w, -w - 301 = -3*r - 0*r. What is the units digit of r?
0
Suppose 16*o = 12*o + 20. Suppose q - o*b - 14 = 0, -8*q + 16 = -3*q + 2*b. What is the units digit of q?
4
Suppose 0 = n - 2*g - 2039, -17*n + g = -20*n + 6145. What is the units digit of n?
7
Let n(y) = -1 + 28*y - 57*y + 6 + 31*y. Let f be 10*(-2 - (-12)/5). What is the tens digit of n(f)?
1
Suppose -2*g = 4*u - 58, -2*u - 12 = -5*u. Suppose -22*t + g*t = -9. What is the units digit of t?
9
Let r = 322 + -340. Suppose 5*y + 4*w - 176 = 0, 0 = y - 4*y + 4*w + 80. Let a = r + y. What is the tens digit of a?
1
Let z be 9 - 7 - (3 + -5)*-1. Let c(v) = -v**3 + v + 191. What is the units digit of c(z)?
1
Suppose -6*y + 8 - 8 = 0. Let z = -30 - -49. Suppose y = -j + 1 + z. What is the units digit of j?
0
Let w(x) = -x**3 - 3*x**2 + 3*x - 4. Let b be w(-5). Suppose -5*m - y + 245 = 0, -243 = -4*m - 4*y - b. What is the tens digit of m?
4
Let v(a) = -44*a - 174. What is the hundreds digit of v(-14)?
4
Let y = -15 + 10. Let q = 0 - y. Suppose -5*a = 3*t - 47, 1 = -3*a + q*t + 2. What is the units digit of a?
7
Let o be 2*(2 + -2 - -3). Let k = o + -14. Let n = k - -16. What is the units digit of n?
8
Suppose -175 = -2*n - 25. Suppose 2*d + 3*d - n = 0. What is the units digit of d?
5
Suppose 3*c + 52 = 4*n, 2*n - 20 = -c + 2*c. Let m = -10 - c. Suppose 2*o + 21 = m*v - o, 3*v - o = 21. What is the units digit of v?
6
Let w be ((-4)/4 - 6/(-10))*-115. Let m = w - 37. What is the units digit of m?
9
Let v(y) = -y**3 + 5*y**2 - 2*y + 4. Let g be v(5). Let c be (62 - g)*(2 + -4). Let u = 204 + c. What is the tens digit of u?
6
Suppose -4*p = -2*k - 52, 4*p - 8 = -3*k + 44. Suppose 6*a + p = -3*i + 2*a, 4 = -4*i - 2*a. Let z(m) = 58*m**2. What is the tens digit of z(i)?
5
Suppose 40*p = 37*p + 894. What is the units digit of p?
8
Suppose 19*j - 6*j - 5486 = 0. What is the units digit of j?
2
Let l(n) = n**3 - 4*n**2 - 4*n - 3. Let v be l(5). What is the tens digit of (-47)/2*(-3 - v/(-2))?
4
Suppose -5*o = -44 - 21. Suppose -5*q - o = 4*s, 0*s - 26 = -2*s + 4*q. Suppose s*d - 90 = 96. What is the units digit of d?
2
Suppose -b = 2*b - 465. Let p = 573 + -568. Suppose -5*j + b = -p*f, 0 = 3*j - 2*j + 3*f - 23. What is the tens digit of j?
2
Let y(r) = -2*r - 10. Let x be y(-7). Suppose x*o - o + 4*n - 26 = 0, 3*o + 2*n - 16 = 0. Suppose -5*f + o*f + 30 = 0. What is the units digit of f?
0
Suppose 2*v = -3*x + 3399, -4*v - 5*x + 1922 + 4871 = 0. What is the tens digit of v?
9
Suppose -56*s + 3918 = -50*s. What is the units digit of s?
3
What is the tens digit of (-27)/(-6)*(498 - 4)?
2
Let m(o) = -7*o**3 - 7*o**2 + 12*o + 22. What is the hundreds digit of m(-6)?
2
Suppose 0 = 4*f - 5*q - 13, -13 = -5*f - q + 4*q. Suppose 6*r - 60 = f*r. Suppose 0 = -5*y + r + 395. What is the tens digit of y?
8
Suppose -22790 = -77*o + 19252. What is the hundreds digit of o?
5
Suppose -3*r = -6, -5*v + 2*v - 3*r = -900. What is the hundreds digit of v?
2
Let q be ((-14)/(-21))/((-2)/60). What is the units digit of 5/q - (-354)/8?
4
Let l(s) = -2*s**3 - 11*s**2 - 21*s - 101. What is the units digit of l(-12)?
3
Let q = -27 - -189. Let d = -85 + q. What is the units digit of d?
7
Let g = 2074 + 142. What is the thousands digit of g?
2
Let l(z) = 19*z**2 + 8*z - 12. Let r be l(-5). Suppose -4*d - 58 + r = 5*s, -4*s = -5*d + 487. What is the tens digit of d?
9
Let x = 103 + -95. Suppose -x*y = -9*y - f + 33, 4*y + 2*f = 140. What is the units digit of y?
7
What is the thousands digit of (4033 + 1)*1/(4 - 2)?
2
Suppose 0 = -8*l + 232 - 72. Let z = l + 55. What is the tens digit of z?
7
Suppose 3*y = 3*r - 36, 0 = 3*r + 2*r + 2*y - 46. Let p(q) = 4*q + 20. What is the tens digit of p(r)?
6
Let a(p) be the second derivative of 2*p**3 + 0 - p - 11/2*p**2 - 1/12*p**4. What is the tens digit of a(8)?
2
Let n(x) = -x + 9. Let s be n(7). Suppose 0 = -s*j - v - 34, 4*v - 3*v = j + 20. What is the units digit of 2/((j/(-44))/9)?
4
Let s be 98*(-1 - (-3)/2). Suppose -j + 2*i = -0*i + 40, 0 = -3*j + 4*i - 114. Let c = s + j. What is the units digit of c?
5
Let s = -98 + 172. Let k = s + -46. What is the tens digit of k?
2
Suppose 43*g = 25939 + 8504. What is the units digit of g?
1
Let m(w) = -2*w**3 - 6*w**2 + 71*w - 2. What is the units digit of m(-10)?
8
Suppose -3*w + 1 + 28 = -5*y, -2 = w - 4*y. Let z = w + -13. What is the units digit of (2/z)/((-3)/(-45))?
6
Suppose -10049 = -4*y - d, 0 = -3*y + 4*d + 956 + 6557. What is the tens digit of y?
1
Let w(q) = -35*q. Suppose 6*t = 1 - 7. What is the units digit of w(t)?
5
Suppose 0*c - 2*c + 2*k = 64, -4*c - k - 128 = 0. Suppose -7*w + 2*w = -w. Let j = w - c. What is the tens digit of j?
3
Suppose -h + 12 = -2*h. Let r be (-4)/(h/(-57)) - 3. Let n = r + 50.